12)*16208/(-6).
2, 1013
Let i = 7 - -3. Suppose -3*w + 2*w + i = 0. Suppose w + 29 = 3*d. What are the prime factors of d?
13
Suppose -k = y - 378, k - 1863 = -4*k + 4*y. What are the prime factors of k?
3, 5
Suppose -1 - 4 = -p. Suppose 5092 = 6*n + 13*n. Suppose 3*g - 180 = -4*w, p*w + 43 - n = -5*g. What are the prime factors of w?
3, 5
Suppose 36*b = -10436 + 26204. List the prime factors of b.
2, 3, 73
Suppose 5*u + 3 = 18, 0 = a - 5*u + 21. Let t(y) = -y**3 - 4*y + 8. List the prime factors of t(a).
2, 31
Suppose 0 = -4*n - 3*i + 951, 2*i + 233 = n - 2*i. Let b = n - 87. What are the prime factors of b?
2, 3, 5
Suppose 2*o - 33 = -23. Suppose 3*a = -o*f + 428, 3 + 2 = 5*f. List the prime factors of a.
3, 47
Let j = -57 + 51. What are the prime factors of (54 - (0 + 0))/((-4)/j)?
3
Let o(q) be the third derivative of q**4/8 + q**3/3 + 2*q**2. Let a be o(1). Suppose 6*w - w = -a*p + 180, 0 = p - 4*w - 26. List the prime factors of p.
2, 17
What are the prime factors of (2 + -650)*-1*(-6)/(-9)?
2, 3
Suppose 3*s - 4 = -4*y + 8, -3*s + y + 12 = 0. Suppose -2*j + 116 = -w - 47, -s*j = -w - 331. What are the prime factors of j?
2, 3, 7
Suppose 4*t + 4*y + 176 = 0, -2*y = 5*t + 2*y + 215. Let g = 119 - t. Suppose 4*f + 6 = g. List the prime factors of f.
2, 19
Suppose -121145 - 19666 = -51*h. List the prime factors of h.
11, 251
Suppose -50*c - 72054 = -68*c. List the prime factors of c.
4003
Let a(q) = -2*q**3 - 70*q**2 - 37*q + 33. What are the prime factors of a(-36)?
3, 1319
Suppose 0 = -5*l + 624 + 56. Suppose 20 = p - l. Suppose 3*g - 4*x - p = -2*g, -2*x - 148 = -5*g. List the prime factors of g.
2, 7
Let w(v) = 11*v**2 - 7*v + 41. Let b(g) = -7*g**2 + 5*g - 27. Let a(h) = -8*b(h) - 5*w(h). List the prime factors of a(-6).
7, 11
Let b = 1805 + -1009. List the prime factors of b.
2, 199
Let k be (-6)/(-33) - 10/55. Let q be 2 - (k - 3)*1. Let t = q + 19. What are the prime factors of t?
2, 3
Suppose 59*d - 68*d + 3141 = 0. What are the prime factors of d?
349
Let j(k) = 17*k**2 + 9*k. What are the prime factors of j(-4)?
2, 59
Let d(l) be the first derivative of 2*l**3 - l**2/2 + 11*l - 13. What are the prime factors of d(5)?
2, 3, 13
Suppose -4*v - v - 150 = 0. Let t be (-34)/10 + (-12)/v. What are the prime factors of -2 - (-56)/((-12)/t)?
2, 3
Let b = 15 + -4. Let c be (-800)/44 - (-2)/b. What are the prime factors of (-184)/(-18) - (-4)/c?
2, 5
Suppose 8*n - 13*n = 1285. Let s = -164 - n. What are the prime factors of s?
3, 31
Let a(b) = b**3 + 21*b**2 + 24*b. List the prime factors of a(-15).
2, 3, 5, 11
Let r = 1793 - -425. List the prime factors of r.
2, 1109
Suppose -7*g - 9 = -10*g. Suppose -j + g*c = -146, -2*j + 285 = c + 28. List the prime factors of j.
131
Let b(l) = -27*l + 2. Let c be b(1). Let k = 19 - c. List the prime factors of k.
2, 11
List the prime factors of (-2)/(-28) + 86292/56 + 15.
2, 389
Let w(c) = 20*c - 1. Let t be w(-2). Let g(n) = -n**2 - 5*n - 5. Let v be g(-5). List the prime factors of (t/v)/(2/10).
41
Let x(s) = -7*s - 8. Let m be x(-4). Suppose 11*z - m = 6*z. What are the prime factors of z + -4 - 3 - -44?
41
Let n(c) = -66*c - 105. List the prime factors of n(-4).
3, 53
What are the prime factors of 7261/6 - (-9)/(-594)*11?
2, 5, 11
Let k = -426 - -909. List the prime factors of k.
3, 7, 23
Suppose 42 - 65 = -3*p - 4*k, 2*k = 4. List the prime factors of p.
5
Let h(q) = -2*q - 8. Let n = 8 - 13. Let r be h(n). Suppose -2*s = 2*y - 6, s = -r*y - 0*y - 2. List the prime factors of s.
2
Suppose -2*o + 7*i + 1744 = 3*i, -3*o - 3*i = -2643. What are the prime factors of o?
2, 439
Let n be (-115)/(-4) - (-1)/4. Let l = 131 - 71. Let c = l - n. List the prime factors of c.
31
Let m = -4 - -7. Let f = m + 2. Suppose b = -f*g + 402 - 147, -2*b = 3*g - 160. What are the prime factors of g?
2, 5
Let n = 59 + -57. Suppose n*h - 368 = -3*g, -5*g + 640 = -0*h - 2*h. List the prime factors of g.
2, 3, 7
Let j(s) = 1 + 0 - s + s**2 + 2. Let f be j(5). What are the prime factors of f + 6/(0 - -3)?
5
Let c(m) = m**3 + 14*m**2 - m - 10. Let y be c(-14). Suppose -y*i = -i + 45. Let b = i - -35. What are the prime factors of b?
2, 5
Suppose l - 38 = 2*a, 4*a - a = l - 39. Suppose -6*y + l + 600 = 0. List the prime factors of y.
2, 53
Let u be 33/(-1 - (-147)/150). Let g be ((-8)/(-10))/((-6)/u). Suppose -g = -6*x + x. What are the prime factors of x?
2, 11
Suppose x - 1 = 2. Suppose 16 = k + 3*k. Suppose 0*z + 18 = z - x*b, 0 = z - k*b - 20. What are the prime factors of z?
2, 3
Suppose -3*n + 794 = -k, 30*n = 25*n + 3*k + 1326. What are the prime factors of n?
2, 3, 11
Suppose -62580 - 2716 = -88*p. List the prime factors of p.
2, 7, 53
Suppose -4*h = 2*a + a + 18, 4*a = -2*h - 24. Let p be 36/48 + a/8. Suppose 11*m - 7*m - 56 = p. What are the prime factors of m?
2, 7
Let k(p) = 2*p**2 - 4 + 4. Let j be (-2)/(-6)*((-105)/3 - -17). What are the prime factors of k(j)?
2, 3
Suppose -11*r - 9 = -14*r. Suppose r*q = -q + 236. What are the prime factors of q?
59
Let i(l) = -l**3 - 6*l**2 - 6*l - 2. Let a be i(-5). Suppose -3*f = -a*t, 7*f - t - 4 = 4*f. Let u = f + 18. What are the prime factors of u?
2, 5
List the prime factors of (9 + 7680)*(39/9 + -4).
11, 233
Let x be (-3)/(-12) + (-1 - 695/(-4)). Let t = x + -51. List the prime factors of t.
2, 61
Suppose -4*t + 3*q - 6377 = 0, 0 = -2*t - 2*q - 861 - 2317. Suppose 0 = -10*b + b + 396. List the prime factors of 2/(-11) - t/b.
2, 3
Let m(a) = -2*a**2 - 13 + 5*a - a**3 - a + a**2 + 15*a**2. Let k be m(14). Suppose 0 = -2*w + k + 5. What are the prime factors of w?
2, 3
Let j = 38 + -22. What are the prime factors of j - ((-1 - -1) + -2)?
2, 3
Let g(w) = -w**2 + 4*w. Let u be g(0). Suppose u = 8*a + 5*a - 351. What are the prime factors of a?
3
Suppose 122 - 2321 = -3*x. List the prime factors of x.
733
Let l(d) = -d**3 + 17*d**2 + 3. Let v be l(17). Let s = v + 18. List the prime factors of s.
3, 7
Let q = 3525 - 999. List the prime factors of q.
2, 3, 421
Let i(z) be the second derivative of -z**5/20 - 5*z**4/6 - 11*z**3/6 + 5*z**2 - 19*z. List the prime factors of i(-9).
2, 7
Let j be (-6)/(-45) - (-47)/(-15). Let w be (-3)/(5/((-10)/j)). What are the prime factors of 14/1 + (-4 - w)?
2, 3
Let s(x) = -x - 10. Suppose -5*i = -4*m + 2*m + 54, -m = 3*i + 39. List the prime factors of s(i).
2
Let x(c) = -54*c + 80. What are the prime factors of x(-5)?
2, 5, 7
Let x be -3*20/12 - (-3)/1. List the prime factors of 5 + x + (0 - -2).
5
Suppose 6*a - 8 = 10. List the prime factors of (a/3)/(2/98).
7
Suppose -3 = -z + 3*x - 7, 0 = 4*z - x + 16. Let h be -1*(-2)/z*-6. Suppose -6 = h*v - 105. What are the prime factors of v?
3, 11
Let c(q) = -q + 91. Let v be c(0). Let w = -55 + v. Let s = w - 20. What are the prime factors of s?
2
Let h = 36 + -30. Suppose -1363 + 355 = -h*j. List the prime factors of j.
2, 3, 7
Let v be -4*(-5)/20 + 2. Suppose -v*l - 4 = -4*l. List the prime factors of l.
2
Suppose 5*c = 5*g - 375, -3*c = 1 + 2. Suppose -2*u + g = 2*h, h + 3*u = -h + 77. List the prime factors of h.
2, 17
Suppose -2*s + 3*s = 10. Suppose 96 = -7*b + s*b. Let d = b + -2. List the prime factors of d.
2, 3, 5
Suppose -3*d = 2*d + l - 797, 5*d = -3*l + 801. Let u = 340 - d. What are the prime factors of u?
181
Suppose 8*h = -25 + 137. Suppose 8*x + 102 = h*x. List the prime factors of x.
17
Suppose -4*w + 109 = 5. Suppose 0 = 4*m + w - 182. What are the prime factors of m?
3, 13
Suppose -20 = -4*d + 2*x, 0 = 4*d - 0*x + 3*x. Let o be 113/d - (-20)/(-30). Suppose 0*f + o = f. What are the prime factors of f?
37
Suppose 4*a = 5*s - 7, 2 = 3*a + a - 2*s. What are the prime factors of (1/a)/((-3)/(-678))?
113
Let x(u) = u**2 - 3*u + 2. Let i be x(3). Suppose -i*q + 192 = q. List the prime factors of q.
2
Let d(s) = s**3 + 8*s**2 - 2*s + 8. Let n be d(-8). Let c be n/14 + 20/70. Suppose -2*p + 42 = 2*f, -f - 3*p + 41 = c*p. List the prime factors of f.
2
Let f = 3464 + -2311. List the prime factors of f.
1153
Let o(t) = -t**3 - t - 1. Let p(m) = 6*m**3 - 11*m**2 + 6*m + 6. Let c(q) = 5*o(q) + p(q). What are the prime factors of c(11)?
2, 3
Let v = 6 - -12. Suppose 3*l - 21 = 2*b, -4*l = 2*b - v - 10. What are the prime factors of l?
7
List the prime factors of 44/55*(-250)/4*-68.
2, 5,